 27*h - 9799, -4*w + 7846 = -5*h. What are the prime factors of w?
3, 653
Suppose 5*k + 25 = 0, 3*y + 0 + 10 = -2*k. Suppose 5*p + 40 = -y*p. Let r(o) = o**2 + 6*o - 4. List the prime factors of r(p).
2, 3
List the prime factors of 81543/18 + (-2)/12.
2, 3, 5, 151
Let b(n) = 199*n + 1. Let l be b(1). Suppose -5*w - 25 = 0, -l = -5*r - 0*r + w. Suppose 6*o + r - 159 = 0. List the prime factors of o.
2, 5
Let h(j) = 2*j + 7. Let u be h(-5). Let v(s) = -s**2 - 3*s + 2. Let k be v(u). Suppose 5*w - 2*w = -9, 14 = 4*i + k*w. List the prime factors of i.
5
Suppose 1 = -i - 3*d, -5*i - 2*d + 0*d - 5 = 0. Let s be (-1)/((3 + i)/(-10)). Suppose 4*l = 5*z + 51, -4*z = -s*l - 2*z + 51. What are the prime factors of l?
3
Suppose -4 = 3*m - 2*y, 4*m = -m - 3*y - 32. What are the prime factors of (-136)/51*42/m?
2, 7
Let i(n) = 13*n + 30. Let o be 2 + -5 + 12 - 1*4. List the prime factors of i(o).
5, 19
Let t(p) = p**3 + 3*p**2 + p + 1. Let d be t(-2). Suppose 0 = 2*v - 5 + d. List the prime factors of 4 + 8 + 2 + v.
3, 5
Let v(j) = -j**3 + 9*j**2 - j + 7. Let n be v(10). Let z = -49 - n. List the prime factors of z.
2, 3
Let b = 162 + 1619. List the prime factors of b.
13, 137
Let h(x) = -x**2 - 22*x - 23. Let y be h(-11). Let k = y - -20. List the prime factors of k.
2, 59
Suppose -5*f = -9*f + 8. What are the prime factors of ((-27)/81)/(f/(-384))?
2
Let s(a) = -a**3 + 37*a**2 - 21*a - 29. Let c(v) = -19*v**2 + 11*v + 15. Let i(b) = -5*c(b) - 2*s(b). List the prime factors of i(-10).
3, 71
Suppose -3*c + 2*c + 5 = 0. Suppose -4*b + 162 = -c*i, i - 5*i = -4*b + 132. Let k = i + 54. List the prime factors of k.
2, 3
Let c = -1 - 45. Let j = -35 - -13. Let x = j - c. What are the prime factors of x?
2, 3
Suppose -5 + 2 = f, 2*u - 5 = f. Let x(s) = 34*s - 6*s + 8 - 9. List the prime factors of x(u).
3
Let p(i) = 3*i + 48. Let z = -113 - -123. List the prime factors of p(z).
2, 3, 13
Let m(l) = -45*l**3 - 4*l - 7. Let d be m(-3). Suppose 58*k - d = 53*k. List the prime factors of k.
2, 61
Suppose 0 = 4*i + 4, 20 = 3*d - 6*i + i. Let r = 9 - d. What are the prime factors of 4*r/(-32)*-4?
2
Let m(r) = -r**3 - 8*r**2 - 12*r - 28. Let v be m(-7). Suppose -t = -2, -3*g + 2*t - v*t = -787. List the prime factors of g.
7, 37
Let l(k) = -k + 7. Let t be l(-19). Let z = t + 153. List the prime factors of z.
179
Let m(l) = l**3 + 7*l**2 + 4*l - 24. Let f be m(-6). List the prime factors of 1624/20 - f/15.
2, 41
Suppose 2*y - 65 = -5*n + 22, -4*y + 5*n = -129. Let j = y - 24. What are the prime factors of j?
2, 3
Let d = -776 + 1644. What are the prime factors of d?
2, 7, 31
Suppose 0 = -3*a - 242 - 142. Let x = a - -183. List the prime factors of x.
5, 11
Let f = 12 + -10. Let h be (4/f)/(4/4). List the prime factors of (-173)/(-9) + h/(-9).
19
Let r = -35 - -37. What are the prime factors of (8/(-10))/(r/(-170))?
2, 17
Suppose -3*p + 13 = -5. Suppose -w = -p + 4. Suppose 21 = w*h - h - 3*g, 2*h - 2*g - 26 = 0. What are the prime factors of h?
3
Suppose 0*j = 5*j - 15. Suppose 448 = j*i + 4*i. What are the prime factors of i?
2
Let t = 56 + -40. Let x(y) = 5*y - 126. Let s be x(29). Suppose -t*r - 108 = -s*r. What are the prime factors of r?
2, 3
Let w(q) = 2*q**2 - 11*q + 2. Let a be w(8). Suppose -3*i - 5*u + a = 0, -3*i + 24 = -i + 2*u. List the prime factors of i.
3
Let w(k) = -4*k + 2. Suppose 2*z - 8 = -2*x, -5*x = 2*z - 4*z - 27. Let f be w(z). Suppose 8 = y - f. What are the prime factors of y?
2, 7
Let n = 675 - -4585. What are the prime factors of n?
2, 5, 263
Suppose 0 = 5*v - 52 + 37. Suppose 0 = -3*k - 3*b + 398 + 13, 0 = -v*b + 9. List the prime factors of k.
2, 67
Let b be -2 + 4/3*3. Suppose b = -3*i + 5. Suppose 5*o + 2*x + x = 93, x - i = 0. What are the prime factors of o?
2, 3
Suppose -2*a + 13 = -4*m - 25, -5*a = m - 95. Suppose -2*u + 18 = y, -2*u + 3 = -3*u. Suppose -y*v = -a*v - 60. What are the prime factors of v?
2, 3
Suppose -k - 4*k + 16 = -4*g, 0 = 2*g - 2. What are the prime factors of 83/k*(4 + 0)?
83
Let y(w) = w**2 - 47*w + 147. What are the prime factors of y(52)?
11, 37
Suppose -32 = 5*t + 4*g, t + 3*g + 21 = -2*t. Let b(x) = 9*x - 13. Let k be b(t). Let f = -11 - k. List the prime factors of f.
2, 19
Let x = -2170 - -3145. Suppose -23*p + x = -18*p. What are the prime factors of p?
3, 5, 13
Let i(g) = 2*g**2 - 2*g + 6. Suppose h = 3 + 1. Let j be i(h). Let d = 19 + j. What are the prime factors of d?
7
Suppose 2*a - 384 = 3*q + 582, 3*a + 4*q = 1432. Suppose 5*k = -k + a. List the prime factors of k.
2, 5
Suppose 0 = 3*n - 6 - 9. Suppose -4*g - 55 = 5*y, n*g = -y + 2*y - 47. What are the prime factors of (0 - -6)*(-15)/g?
3
Let m = 1554 - 224. List the prime factors of m.
2, 5, 7, 19
Suppose 2*m + k - 5 = 0, -5*m + 2*k + 26 = -0*m. List the prime factors of (0 + 2)*((-1498)/m)/(-7).
107
Suppose 0 = v + 4*n - 405, -v + 0*v - 2*n + 411 = 0. What are the prime factors of v?
3, 139
List the prime factors of -4*(1 + 0) - -7 - -407.
2, 5, 41
Let a(h) = -h**2 - 21*h - 23. Let n be a(-16). Let f = -5 + n. What are the prime factors of f?
2, 13
Let d(v) = 16*v + 5. Let c be d(4). Suppose -3*r + 0*a - 3*a = -c, -3*r + 3*a = -75. What are the prime factors of r/14*14/4?
2, 3
Suppose 3*j = -s - 43, 3*j + 66 = 3*s + 15. Let b be (-15)/6*564/j. Suppose 2*l = 4*w - b + 4, 3*w + 4*l - 51 = 0. List the prime factors of w.
3, 7
Let d = 1650 + -643. What are the prime factors of d?
19, 53
Let n be (1 - -7)*(-27)/6. Let f = -28 - n. Suppose 7*c - f*c + 69 = 0. What are the prime factors of c?
3, 23
Let n = -4 - -6. Suppose -10 = -2*t - n. Suppose -8 = -2*h, -96 = -3*m - h + t*h. What are the prime factors of m?
2, 3
Let o = -414 - -740. List the prime factors of o.
2, 163
Suppose 2*s = -3*s + 75. Let r(q) = -q**3 + 7*q**2 - 5*q - 1. Let u be r(6). Suppose 4*b - u = s. List the prime factors of b.
5
Suppose -c - 3*u + 3 = 0, -5*c - 5*u - 35 = -0. Let f = c + 15. Suppose f*n + 0*n - 39 = -3*s, -2*s - 44 = -5*n. List the prime factors of n.
2, 5
Let b = 21 + -109. Let w be (-1 + 0)/(11/b). Suppose -k - 5*i = w, -3*k - 3*i + 37 = 1. List the prime factors of k.
17
Suppose 3*y + 2*y - 4*o - 305 = 0, 183 = 3*y + 2*o. Let b = 70 - y. List the prime factors of b.
3
Suppose 17 = -i - 4*g - 0, 24 = 3*i - 3*g. Suppose i*q = 2*l - 434, -l - 2*q + 207 = -6*q. List the prime factors of l.
223
What are the prime factors of (0 - 1)/4 + 16810/40?
2, 3, 5, 7
Suppose -5*i - f + 29 = -0*i, 3 = -3*f. Suppose -85 + 199 = -i*w. Let p = w - -55. List the prime factors of p.
2, 3
Let d = 82 + 254. List the prime factors of d.
2, 3, 7
Suppose -5*b + 5*f = -25, 3*b + 2*f + 8 = 3. Let h(p) = 18*p**3 - 1. Let w be h(b). Suppose -w - 8 = -g + 3*y, -3*g = 5*y - 33. List the prime factors of g.
2
Let u(l) = l**3 + 15*l**2 - 3*l + 57. What are the prime factors of u(-8)?
23
Let z be 4/(-10) + 108/20. Suppose 4 = z*k - 11. Suppose 0 = -k*s - 3*i + 51, s - 6*s = i - 73. What are the prime factors of s?
2, 7
Let d(x) be the first derivative of -x**4/4 - 23*x**3/3 - 12*x**2 - 25*x - 9. List the prime factors of d(-22).
19
Suppose 4*c + 2*m - 194 = c, -3*c + 3*m = -204. List the prime factors of c/(-8)*320/(-30).
2, 11
Let c be ((-17)/((-85)/(-162)))/(1/(-35)). Suppose 4*n = 70 + c. What are the prime factors of n?
7, 43
Let t(y) be the first derivative of y**3/3 + 5*y**2/2 - 3*y + 1. Suppose 18 = 1409*v - 1412*v. List the prime factors of t(v).
3
Let r be (-20)/70 + 723/7 + 1. What are the prime factors of r + (2/1)/(-6)*12?
2, 5
Let q = -411 - -755. What are the prime factors of q?
2, 43
Let l = 664 + -402. Suppose 0 = 6*n - 4*n - l. What are the prime factors of n?
131
Let h(b) be the first derivative of 16*b**2 + 2*b - 7. Let j(m) = -11*m - 1. Let z(x) = -6*h(x) - 17*j(x). What are the prime factors of z(-5)?
2, 3, 5
Let r = 92 + 26. Suppose 0 = -b + 2*j + r, -3*b - 40 + 344 = 4*j. What are the prime factors of b?
2, 3
Let r(h) = -459*h + 6. List the prime factors of r(-2).
2, 3, 7, 11
Suppose 76*q + 41545 = 391601. What are the prime factors of q?
2, 7, 47
Let b = -93 - -89. List the prime factors of ((-37)/b)/((-95)/20 + 5).
37
Let f = 206 + 43. List the prime factors of f.
3, 83
Let m be 2 + -366 + -5 + -2. Let j = 528 + m. What are the prime factors of j?
157
Suppose 6*b - 3*c 